-6)/(-4) - (6/4 + -2). Let d(w) = 2*w**2 - w**f + 0*w**2 + 15 + 0 - 4*w. What are the prime factors of d(5)?
2, 5
Let b(x) = 49*x**3 - 2*x**2 + 6*x - 11. Let q be b(3). Let n = -483 + q. List the prime factors of n.
829
List the prime factors of (-11)/22*1816*(-295)/20.
59, 227
Let x(s) = -3*s + 23. Let g(v) = -3*v + 24. Let y(q) = 5*g(q) - 6*x(q). Let c be y(6). What are the prime factors of (-1 - 3) + 81 + c?
7, 11
Suppose -944374 = -37*n - 13*n - 36074. List the prime factors of n.
2, 31, 293
Let g(y) = -909*y - 11791. List the prime factors of g(-62).
41, 1087
Let h(f) = -f - 45. Let o be h(-50). Suppose -5080 = -o*z + 5*b, 96*z - 97*z = 4*b - 1001. What are the prime factors of z?
1013
Let a(v) = -3*v**3 - 4*v**2 + v + 3. Let o(u) = 4*u + 1. Let w(m) = -m - 1. Let q(k) = -o(k) - 5*w(k). Let l be q(-8). List the prime factors of a(l).
127
Let q(l) = 2*l**2 + 2*l + 2. Let t be q(-2). Let a = 105 - 98. Suppose -t*w = -a*w + 76. List the prime factors of w.
2, 19
Suppose 0 = -5*p + 4*m - 7 - 9, 2*p + 4 = m. Suppose -4*o + 2198 - 21006 = p. List the prime factors of 32/208 + o/(-26).
181
Let o(l) = 7*l + 16. Let m be o(-2). Let t(p) = 4*p**2 + 2*p**m - 5*p - 32 + 23. What are the prime factors of t(6)?
3, 59
Let p be (-21)/(-2) - (-14)/(-28). Suppose -i + p*d = 9*d - 301, 2*i + 4*d = 578. What are the prime factors of i?
3, 11
Let k(x) = -5179*x - 2. Let a be k(-1). Suppose -5*l + a - 837 = -4*o, l = 3*o + 868. What are the prime factors of l?
2, 7, 31
Let b = -12 + 17. Suppose -b*x - 260 + 1630 = -2*g, -3*x + 2*g + 826 = 0. Suppose -16*o + 18*o - x = 0. What are the prime factors of o?
2, 17
Let n be 24/7 + (-51)/119. Suppose 3*p = n*m + 2*m - 5060, -2*m + 5*p = -2043. List the prime factors of m.
1009
Suppose 13 - 2 = -11*q. What are the prime factors of 4 - -3*28 - q?
89
Let w = -337 + 339. Suppose 4*z - 4165 = -w*i - 327, 1914 = 2*z + 2*i. What are the prime factors of z?
2, 13, 37
List the prime factors of (6842 - (1 + -6)) + (-3 - -3 - -3).
2, 5, 137
Suppose 2*u + f = 1948, -2*u - f = -3*u + 968. List the prime factors of 2/4*u - 5.
13, 37
Suppose 0 = 4*c - 4 + 172. Let d = c + 43. Let t(z) = 98*z**2 + z. What are the prime factors of t(d)?
3, 11
Suppose -5*u + 84919 = 4*c - 42240, 3*u = -5*c + 76298. List the prime factors of u.
3, 7, 173
Let y = -393 + 406. Let g = y - -73. List the prime factors of g.
2, 43
Let p be (-9)/((-45)/70) + 0. What are the prime factors of 3591/6 - (-7)/p?
599
Let f be (-1 + -1)*11/2. Let c(t) = -t + 29. Let p be c(6). Let o = f + p. List the prime factors of o.
2, 3
Suppose -1664 = 7*v - 17050. What are the prime factors of v?
2, 7, 157
Let b be -3*(4 - 21/9). Let l(y) = 4*y**3 - 2*y**2 - 13*y - 5. Let s(j) = 5*j**3 - j**2 - 13*j - 5. Let o(p) = b*s(p) + 6*l(p). List the prime factors of o(-5).
2, 5
Let a be -7*(-1)/(49/(-35)). List the prime factors of ((-14)/a)/((-8)/(17*-40)).
2, 7, 17
Let x(d) = 2*d + 6. Let b be x(0). Let h be (-1 + b/(-8))/((-9)/7164). List the prime factors of (-12)/378*-7 - h/(-9).
5, 31
Suppose -8203 + 60672 = 7*a - 311. List the prime factors of a.
2, 5, 13, 29
Suppose -15*y + 54156 = -5724. Suppose 0 = -u + y - 3316. What are the prime factors of u?
2, 13
Suppose 4*d + 4*c - 13 = d, 4*d - 2*c = 10. Suppose 243 = -d*u + 1182. List the prime factors of u.
313
Let r(s) = -s**3 + 15*s**2 - 12*s - 1. Let f be r(6). Let i = f - -25. What are the prime factors of i?
2, 3, 23
Suppose 4*k + 0*b - 48 = -2*b, -2*k = -b - 32. Suppose k*v - 34*v = -14300. List the prime factors of v.
5, 11, 13
Suppose -1688 = 4*w - 4*u, 0 = 2*w - 106*u + 107*u + 862. Let s = 0 + 1. What are the prime factors of (2 - w)/5 + s?
3, 29
Let a be 3/2*(-1184)/24. Let j(x) = -10*x + 35. Let b be j(7). Let i = b - a. List the prime factors of i.
3, 13
What are the prime factors of 9/(18/4) + 14/(-2) + 8315?
2, 3, 5, 277
Suppose 3*j = 3*i - 198, 15*j - 16*j = 2*i + 72. Suppose 3*c - 3 = 2*c. List the prime factors of (-1 + j)/((-4)/(16/c)).
2, 23
Suppose 4*z + 3*l = 309, -5*z - 3*l + 390 = -0*l. Let u = -1926 - -1937. Let y = z - u. What are the prime factors of y?
2, 5, 7
Let q = 80247 + -1283. List the prime factors of q.
2, 19, 1039
Let f be ((-36)/30)/(0 - 8/(-20)). What are the prime factors of 2485/21 + (-5)/f?
2, 3, 5
Let u = -19 + 29. Let v(p) = -6*p**3 - 17*p**2 + 4*p + 4. Let f be v(u). What are the prime factors of -1*((-1)/3 + f/36)?
3, 71
Suppose -5*l - 5*b = -8 - 32, 0 = 4*b - 12. Suppose 6*f - 267 = l*f. What are the prime factors of f?
3, 89
What are the prime factors of (4328945/5)/23 + -13?
2, 5, 53, 71
Suppose -7*s - 207 - 325 = 0. Let a = -22 + s. What are the prime factors of 1*((-30)/12)/(1/a)?
5, 7
Suppose 129932 - 61231 + 109386 = 19*l. List the prime factors of l.
7, 13, 103
Suppose s + 2 = -7. Let a(h) = -4*h - 2 - 3 + 7 - 3 - 2. List the prime factors of a(s).
3, 11
Let a = 32 + -37. Let s be a*14/245 + (-46)/(-14). Suppose 4*t - n - 795 = 0, 3*n + n = s*t - 593. List the prime factors of t.
199
Let f(r) = 3*r**2 + r - 1. Let o(j) = 137*j**2 - 6*j - 12. Let z(h) = -5*f(h) + o(h). What are the prime factors of z(-3)?
2, 281
Let w(g) = 20*g - 33841*g**2 + 33844*g**2 - 239 - 13. What are the prime factors of w(18)?
2, 3, 5
Let x(f) be the second derivative of -33*f**3/2 + f. Suppose -25*d + 12 = -22*d, -3*b + 9 = 3*d. What are the prime factors of x(b)?
3, 11
Let x(a) = -a**3 + a**2 + 10*a + 6. Suppose -17*m + 10*m = -21. Suppose 19 - 31 = m*u. List the prime factors of x(u).
2, 23
Let p(o) = -5*o + 1046. List the prime factors of p(10).
2, 3, 83
What are the prime factors of (-7 - (-2)/(-1 + 3))*(-1951640)/291?
2, 5, 503
Let x(r) = -3*r**3 + 41*r**2 - 10*r + 7. Let z be x(-15). Suppose z = 22*f - 8785. List the prime factors of f.
2, 643
Suppose f + 131 = -3*q + q, q - 506 = 4*f. Let s = 48 - f. Suppose 0 = -p + g + 97, 4*p + g - 203 = s. What are the prime factors of p?
5, 19
Suppose 0 = -5*b + 2*s - 12 + 9, 0 = b - s. What are the prime factors of 2274/14 + (-44)/(-28) + b?
163
What are the prime factors of ((-5616)/(-819))/((-2)/(-14364)*2)?
2, 3, 19
Let j be 1/((12/(-8))/3). Let i be (j/(-7))/((-7)/(-49)). List the prime factors of (1752/96)/(i/8).
73
Let c = 661 - 487. Let g = c - -360. List the prime factors of g.
2, 3, 89
Suppose 1328796 = 56*s - 767452. List the prime factors of s.
11, 41, 83
Let i(z) be the first derivative of z**4/4 - 10*z**3/3 - 11*z**2 - 15*z + 39. List the prime factors of i(13).
2, 103
Let j = 227 + -102. List the prime factors of (6180/50)/(5*10/j).
3, 103
Suppose t - 168 = 95. What are the prime factors of t?
263
Let y = 32079 - 3564. List the prime factors of y.
3, 5, 1901
Let i = 22020 - 6214. List the prime factors of i.
2, 7, 1129
Let w(j) be the third derivative of j**5/30 + 5*j**4/24 - j**3/6 - 21*j**2. Let s be w(4). Let v = 151 - s. List the prime factors of v.
2, 5
List the prime factors of (-1136 + -10)/((-4)/150).
3, 5, 191
Suppose 2*v - 4*g - 4242 = 0, 6*v = 4*v + 5*g + 4239. List the prime factors of v.
3, 709
Let m(t) be the third derivative of -t**4/24 - t**3 - 28*t**2. Let d be m(-8). Suppose 0 = 2*r + d*w - 168, 4*w = 2*r - 14 - 172. List the prime factors of r.
3, 29
Let s(h) be the second derivative of 37*h**3/2 - 26*h**2 - 119*h. What are the prime factors of s(8)?
2, 11, 19
Suppose -3*r + 8 = -7. Suppose -r*k = -17 - 33. Suppose k*l - 385 = 5*l. List the prime factors of l.
7, 11
Let t(l) = -l**3 - l**2 + 59. Suppose -4*j = -5*r, -2*r = j - 2*j. Suppose 0 = 5*m - f + 2, -4*m + 4*f + 0 - 8 = r. What are the prime factors of t(m)?
59
Let v(n) = n**2 + 6*n + 2. Let s be v(-6). Let k(o) = -20*o**2 + 4 - 1 + 19*o**s - 16*o. List the prime factors of k(-7).
2, 3, 11
Let t be 9/(-6)*(12 - 24). What are the prime factors of 21908/t + (-67)/603?
1217
Let v = -310 - -9554. What are the prime factors of v?
2, 2311
Suppose -200*p + 767 = -187*p. Let g be ((-2)/3)/((-8)/12). Let j = p - g. What are the prime factors of j?
2, 29
Suppose 6*g - 48 = 3*g. Let f be 3 + 2/(-2) + g. Suppose -b = 5*y - 8, 2*b + 3*y - f = b. What are the prime factors of b?
3, 11
Let x = -696 + 2134. Suppose 3*u - m - 972 = 0, 5*u - 168 = -3*m + x. List the prime factors of u.
17, 19
What are the prime factors of 2753696/104 + (-78)/(-507)?
2, 3, 1471
Let p be 103/1 + 1/(5/(